 s**2. Let h(y) = 16*y**3 - y**2 - 7*y + 8. Let k(w) = -3*b(w) + h(w). Give k(5).
-2
Let v(k) = -k**3 + 3*k**2 + 6*k - 1. Let z be v(4). Let s be 54/30 - (-1)/5. Let o(u) = -7*u + 6 + 5*u**2 - 6 + 3 - 4*u**s. What is o(z)?
3
Let w(r) = -18*r**2 - 2*r - 2. Let d(b) = 11*b**2 + b + 1. Let m(s) = -5*d(s) - 3*w(s). Give m(1).
1
Let c(h) = h**3 + 3*h**2 - h + 1. Let a(f) = 7*f**2 + f. Let v be a(-1). Suppose 21 - v = -5*i. Let x be c(i). Let y(t) = t**2 - 5*t + 4. Determine y(x).
0
Let w(q) = 11*q**3 + 2*q**2 + 12*q. Let p(d) = -19*d**3 - 2*d**2 - 24*d - 1. Let s(u) = -4*p(u) - 7*w(u). Calculate s(-8).
36
Let r(i) be the third derivative of -i**6/120 + i**5/60 + i**4/24 + i**3/2 + i**2 - 377*i. Give r(3).
-12
Suppose -5*p - 14 = -5*b - 24, 4*b = -5*p - 26. Let l(y) = -2*y - 5. Let s(u) = 3*u + 4. Let r(h) = -5*l(h) - 6*s(h). Give r(p).
17
Let w = -272 - -275. Let z(p) = -2*p + 5. Determine z(w).
-1
Let w(v) = 1 + 4 + 3 - 2*v. Let r(u) = 5*u - 7. Let b be r(2). Suppose 0 = 4*k + 3*z - 36, -b*z + 3 = -k - 3. Calculate w(k).
-4
Let p(u) = -u**3 - 6*u**2 - 8. Let r(l) = l**3 - 6*l**2 - 14*l - 6. Let y be r(8). Suppose 0 = 5*z + y + 20. Calculate p(z).
-8
Suppose 5*d - 87 + 27 = 0. Let b = d - 9. Suppose -6*a + 3*a - b = 0. Let n(l) = 9*l. Calculate n(a).
-9
Let b(t) = -7*t**2 + 1. Let r be -1 + (-24)/42 + (-24)/(-42). Calculate b(r).
-6
Let m(z) = -83*z - 2 + 1 + 79*z + 5. Give m(0).
4
Suppose 0*r = 5*r. Let i(b) be the second derivative of -b**2 + 0*b**3 - b - 1/12*b**4 + 0. What is i(r)?
-2
Let s(f) be the first derivative of -7*f**6/360 - f**5/120 + f**4/24 + 11*f**3/3 + 4. Let j(m) be the third derivative of s(m). Calculate j(1).
-7
Let w(y) be the third derivative of y**6/120 + 19*y**5/60 - 11*y**3/6 + 2*y**2 - 165*y. Determine w(-19).
-11
Let k = 118 + -115. Let a(s) = -1 - 2*s**2 + 2 + k*s**2 - s - 7*s**3 + 3*s. Calculate a(-1).
7
Let v(j) = -10*j**2 - 5*j - 6. Let t(k) = 20*k**2 + 11*k + 13. Let r(y) = 6*t(y) + 13*v(y). Calculate r(1).
-9
Let w(j) = 3*j**2 + 1. Let z(q) = q**3 + 14*q**2 + 42*q - 25. Let r be z(-9). Calculate w(r).
13
Let m(v) = -v**2 + v - 8. Let a(c) = 2*c**2 - 3*c + 16. Let d = -11 - -16. Let i(k) = d*m(k) + 2*a(k). Give i(0).
-8
Let d(b) = 49*b + 36*b - 16 - 134*b + 45*b. Determine d(-5).
4
Let h(m) = m**2 + m - 3. Let k be (-135)/180 - 11/(-4). Determine h(k).
3
Let b(j) = -j**3 + 18*j**2 + 12*j + 139. Let q be b(19). Let t(m) = -m**3 + 7*m**2 - 10*m + 6. What is t(q)?
-18
Let k(j) = -3*j. Let y(q) = 24*q - 5. Let d(z) = 5*k(z) + y(z). Give d(2).
13
Let w = -104 + 161. Let i(c) = c**3 + 53*c**2 - w*c**2 + 7*c + 2 - 4*c. Suppose x + 4*s = 8 - 1, -s = 4*x - 13. Determine i(x).
2
Let n(y) = 5*y**2 - 4*y - 4. Let d(j) = -2*j**2 + j. Let c(v) = -3*d(v) - n(v). What is c(-7)?
46
Suppose -o - 2*o = -15. Suppose -q + o*q = 0. Let b be q/((-1)/((-3)/6)). Let x(c) = -c**3 - c**2 + c - 8. What is x(b)?
-8
Suppose 476 = 4*s + v, 4*v + 1 - 17 = 0. Let q(i) = 2*i - 245 + 122 + s. Let m(y) = y**3 - 7*y**2 + 8*y - 5. Let l be m(6). Calculate q(l).
9
Let r(z) = -z**2 - 3*z - 3. Let c be 2*7/((-28)/18). Let o(a) = 3*a + 24. Let w be o(c). Determine r(w).
-3
Let x(b) = b**2 - 3. Let w = 2 - 2. Let y be x(w). Let k(j) = 3*j**3 - 2*j**2 + 34*j + 13. Let n(d) = -d**3 - 8*d - 3. Let l(s) = -k(s) - 4*n(s). Give l(y).
-4
Suppose 3*r - 5 = -2*r. Suppose 3*o + 9 = f + r, f = 2. Let t(v) = -1 + 2*v - 5 - 1 + 5. Calculate t(o).
-6
Let m(d) be the second derivative of 1/24*d**4 + 0 + 0*d**3 + 3*d**2 + d. Let i(a) be the first derivative of m(a). Determine i(4).
4
Let s(f) = -f**3 - 4*f**2 + 4*f + 4. Suppose -2*n + 4*t - 5 - 3 = 0, 4*n - 2*t = -4. Suppose n = -3*q + 4*v - 16, 4*v = 4*q + 2 + 18. Determine s(q).
-12
Let z(u) = -u**3 - 2*u**2 + u - 5. Let m be z(0). Let i(o) = o**2 + 6*o - 6. What is i(m)?
-11
Suppose b - 4*c + 11 - 42 = 0, -4*b + 5*c = -113. Let p = 21 - b. Let d(q) = 4*q + 6. Determine d(p).
-18
Let l = -223 - -226. Let d(z) = -z**2 + z - 3. Determine d(l).
-9
Let m(w) = -3*w - 14. Let r be (-3)/9 - 87/9. Let n be m(r). Suppose 5*k = n - 1. Let u(s) = -s**2 + 2*s + 2. Calculate u(k).
-1
Let s(j) be the third derivative of j**5/60 - j**4/4 + 2*j**3/3 - j**2. Let c be (-4 - (-2 - 2))/2. Suppose c = -h + 4*d + 21, -4*h + 8 = d - 8. Give s(h).
-1
Let v = 21 + -9. Suppose 3*m = -12, -2*z - v = -z + 3*m. Let b(c) = -c - 3. Let k be b(z). Let g(s) = 2*s - 4. Calculate g(k).
-10
Let f(t) be the first derivative of -5*t**2/2 + 10*t - 249. Calculate f(4).
-10
Let s(r) = r**3 - 6*r**2 - 2*r + 14. Let c(d) = -17*d - 45. Let v be c(-3). Give s(v).
2
Suppose -104 = -0*o - 4*o. Let k(y) = 28 - y - o - 3*y + 2*y. Calculate k(4).
-6
Let t = -1791 - -1791. Let c(y) = 8*y + 3. What is c(t)?
3
Let r(x) be the first derivative of x**4/4 + 4*x**3/3 - x**2 + 2*x + 151. Give r(-4).
10
Let f(t) = -2*t - 3. Suppose 0*q + 2*q + 42 = 0. Let s = q + 18. Give f(s).
3
Let s(d) be the third derivative of -1/60*d**5 + 0 - 1/4*d**4 + 0*d - 35*d**2 + d**3. What is s(-6)?
6
Let d(j) = 13*j**3 - 3*j**2 + 22*j - 7. Let c(v) = 2*v**3 + v**2 + v. Let k(i) = 6*c(i) - d(i). Give k(7).
-7
Let t(r) = -r**3 + 5*r**2 + 6*r. Suppose -5*w + 8*w = 138. Let k = w - 11. Suppose q - 5*x - 10 = 1, -5*q + 5*x = -k. What is t(q)?
0
Let l be 3 + -5 + 2 + -4. Let k be (-62)/(-4) - l/(-8). Suppose -d + 4*d = -k. Let g(x) = -x**2 - 3*x + 5. Determine g(d).
-5
Let y(o) be the third derivative of o**4/24 - 2*o**3/3 - 2*o**2 - 15*o. What is y(-14)?
-18
Let o(u) = -u + 4. Let k be o(4). Let w(h) be the third derivative of 0*h**4 + 0 - 18*h**2 - 1/60*h**5 - 3/2*h**3 + 0*h. Calculate w(k).
-9
Let b(n) = 11*n - 14. Let w(k) = 4*k - 5. Let s(m) = -3*b(m) + 8*w(m). Suppose -1 - 14 = -5*y. Determine s(y).
-1
Let q(u) = u**2 + 11*u. Let s be (-96)/9 - 4/(-6). Determine q(s).
-10
Suppose 5*k = -4*m + 28, 4*k + 10*m - 8*m - 26 = 0. Let p(i) = -i**2 + 4*i + 10. Give p(k).
-22
Let k(d) = d**2 + 4*d + 9. Let g(c) = -c**2 - 4*c - 9. Let j(p) = -2*g(p) - 3*k(p). Let s(n) be the first derivative of j(n). Let l = -8 - -3. Determine s(l).
6
Let v(l) = -328*l**3 - 338*l**3 - 6*l + 5*l**2 - 2*l + 2*l + 667*l**3. Let r(n) = n**3 + 6*n**2 + 5*n - 6. Let a be r(-5). Determine v(a).
0
Suppose 0*d + 3*d = 3*a - 15, 3*d + 1 = -4*a. Let c(i) be the first derivative of 2*i + 4 - 3/2*i**a. Give c(4).
-10
Let o be 16 + 0*1/(-3). Suppose -2*v + 7*a - 2*a = -16, -o = -2*v - 2*a. Let f(t) = v - t - 6 - 3 - t. Determine f(2).
-5
Let a(p) = -6*p**3 + p**2 + 2*p + 1. Let f = 38 + -34. Suppose f*w = 5*w + 1. Calculate a(w).
6
Suppose 2*a - 8 = -4*m, 2*m - 3 = 3*m. Let p(t) = -t**3 + 11*t**2 - 12*t + 12. Calculate p(a).
-8
Let w(h) be the second derivative of 0 + 17*h + 5/2*h**2 + 1/6*h**3. Calculate w(7).
12
Let u(z) = 2 - 4*z**2 - 5 + z**3 - 1 - 5*z + 0*z**3. Suppose -b - 4*w + 24 = 3*b, -b + 9 = 4*w. Determine u(b).
-4
Let i be 1/(-2*(-1)/(-10)). Let x = 16 + -15. Let f(w) = -x + 2*w - 4*w - 4. Determine f(i).
5
Let w(u) = -u. Suppose 4*k = -y - 0*y - 12, 0 = y + 4. Let p(a) = 3*a + 5. Let f(l) = k*w(l) - p(l). Give f(0).
-5
Let z(g) = 6*g**3 - g**2 + 4*g + 7. Let b(i) be the third derivative of i**6/60 + i**4/24 + i**3/3 - 6*i**2. Let p(o) = 7*b(o) - 2*z(o). Calculate p(-2).
-6
Let a be ((-21)/28)/(3/(-8)). Suppose -5*d + p + 4*p + 20 = 0, 5*d + 3*p - 28 = 0. Let v(r) = -3*r**a + 3 - 4 + r**3 + d - 4*r**2. Calculate v(7).
4
Let q(m) = 3*m + 4. Let s be 193/(-2) + 0 + (-4)/(-8). Let w be 5/(-2)*s/(-60). Determine q(w).
-8
Let d(i) = 2*i**3 + 10*i**2 - 11*i - 1. Let h(t) = t**3 + 5*t**2 - 9*t. Let r(u) = 2*d(u) - 3*h(u). Let p be (2/5)/(1/(-10)). Calculate r(p).
-6
Let t(s) be the second derivative of -s**3/3 - s**2 + 15*s - 8. Suppose 3 = -0*k - k. What is t(k)?
4
Let z be ((-2)/5)/(-1)*-35. Let q = -11 - z. Let c(k) = 5*k**3 + k - q*k**3 + 0*k - 3*k**3. Calculate c(0).
0
Suppose 0 = -7*j + 5*j + 4. Let a(y) = -3*y**j + 11*y**2 - 6*y**2 - 2 - 3*y**2. Calculate a(-2).
-6
Let c = -104 - -103. Let j(q) = -9 + 3*q - 13*q + 10. Give j(c).
11
Suppose -3*v = -3 - 12. Suppose -a = -3*h + 2 + v, 0 = 4*h + a. Let b(j) = -8*j**3 + j**2 + j - 1. Determine b(h).
-7
Suppose -4*d + 1 - 5 = 0. Let f(p) = 13*p**2 + 7*p + 1. Let r(v) = -13*v**2 - 8*v - 1. Let y(z) = -6*f(z) - 5*r(z). Determine y(d).
-12
Let l(i) = 2*i**2 + i - 2. Suppose 6*o - 7